{"id":845,"date":"2022-01-13T13:22:14","date_gmt":"2022-01-13T13:22:14","guid":{"rendered":"https:\/\/norelislam.com\/index.php\/sira\/"},"modified":"2022-01-13T19:32:54","modified_gmt":"2022-01-13T19:32:54","slug":"sira-2-de","status":"publish","type":"page","link":"https:\/\/norelislam.com\/index.php\/sira-2-de\/","title":{"rendered":"sira-2-de"},"content":{"rendered":"<div data-colibri-id=\"845-c1\" class=\"style-561 style-local-845-c1 position-relative\">\n  <!----><\/p>\n<div data-colibri-component=\"section\" data-colibri-id=\"845-c2\" id=\"custom\" class=\"h-section h-section-global-spacing d-flex align-items-lg-center align-items-md-center align-items-center style-562 style-local-845-c2 position-relative\">\n    <!----><br \/>\n    <!----><\/p>\n<div class=\"h-section-grid-container h-section-boxed-container\">\n      <!----><\/p>\n<div data-colibri-id=\"845-c3\" class=\"h-row-container gutters-row-lg-2 gutters-row-md-2 gutters-row-0 gutters-row-v-lg-2 gutters-row-v-md-2 gutters-row-v-2 style-563 style-local-845-c3 position-relative\">\n        <!----><\/p>\n<div class=\"h-row justify-content-lg-center justify-content-md-center justify-content-center align-items-lg-stretch align-items-md-stretch align-items-stretch gutters-col-lg-2 gutters-col-md-2 gutters-col-0 gutters-col-v-lg-2 gutters-col-v-md-2 gutters-col-v-2\">\n          <!----><\/p>\n<div class=\"h-column h-column-container d-flex h-col-lg-auto h-col-md-auto h-col-auto style-564-outer style-local-845-c4-outer\">\n<div data-colibri-id=\"845-c4\" class=\"d-flex h-flex-basis h-column__inner h-px-lg-2 h-px-md-2 h-px-2 v-inner-lg-2 v-inner-md-2 v-inner-2 style-564 style-local-845-c4 position-relative\">\n              <!----><br \/>\n              <!----><\/p>\n<div class=\"w-100 h-y-container h-column__content h-column__v-align flex-basis-100 align-self-lg-start align-self-md-start align-self-start\">\n                <!----><\/p>\n<div data-colibri-id=\"845-c5\" class=\"h-x-container style-565 style-local-845-c5 position-relative h-element\">\n                  <!----><\/p>\n<div class=\"h-x-container-inner style-dynamic-845-c5-group style-565-spacing style-local-845-c5-spacing\"><span class=\"h-link__outer style-566-outer style-local-845-c6-outer d-inline-flex h-element\"><a h-use-smooth-scroll=\"true\" href=\"https:\/\/norelislam.com\/index.php\/sira-1-de\/\"  data-colibri-id=\"845-c6\" class=\"d-flex w-100 align-items-center h-link style-566 style-local-845-c6 position-relative\"><!----><!----> <span>1. Vorwort<\/span><\/a><br \/>\n                    <\/span>\n                  <\/div>\n<\/p><\/div>\n<div data-colibri-id=\"845-c7\" class=\"h-x-container style-567 style-local-845-c7 position-relative h-element\">\n                  <!----><\/p>\n<div class=\"h-x-container-inner style-dynamic-845-c7-group style-567-spacing style-local-845-c7-spacing\"><span class=\"h-link__outer style-568-outer style-local-845-c8-outer d-inline-flex h-element\"><a h-use-smooth-scroll=\"true\" href=\"https:\/\/norelislam.com\/index.php\/sira-2-de\/\"  data-colibri-id=\"845-c8\" class=\"d-flex w-100 align-items-center h-link style-568 style-local-845-c8 position-relative\"><!----><!----> <span>2. War Muhammad ein echter Prophet?<\/span><\/a><br \/>\n                    <\/span>\n                  <\/div>\n<\/p><\/div>\n<div data-colibri-id=\"845-c9\" class=\"h-x-container style-569 style-local-845-c9 position-relative h-element\">\n                  <!----><\/p>\n<div class=\"h-x-container-inner style-dynamic-845-c9-group style-569-spacing style-local-845-c9-spacing\"><span class=\"h-link__outer style-570-outer style-local-845-c10-outer d-inline-flex h-element\"><a h-use-smooth-scroll=\"true\" href=\"https:\/\/norelislam.com\/index.php\/sira-3-de\/\"  data-colibri-id=\"845-c10\" class=\"d-flex w-100 align-items-center h-link style-570 style-local-845-c10 position-relative\"><!----><!----> <span>3. Die Namen des Propheten<\/span><\/a><br \/>\n                    <\/span>\n                  <\/div>\n<\/p><\/div>\n<\/p><\/div>\n<\/p><\/div>\n<\/p><\/div>\n<div class=\"h-column h-column-container d-flex h-col-lg-auto h-col-md-auto h-col-auto style-571-outer style-local-845-c11-outer\">\n<div data-colibri-id=\"845-c11\" class=\"d-flex h-flex-basis h-column__inner h-px-lg-2 h-px-md-2 h-px-2 v-inner-lg-2 v-inner-md-2 v-inner-2 style-571 style-local-845-c11 position-relative\">\n              <!----><br \/>\n              <!----><\/p>\n<div class=\"w-100 h-y-container h-column__content h-column__v-align flex-basis-100 align-self-lg-start align-self-md-start align-self-start\">\n                <!----><\/p>\n<div data-colibri-id=\"845-c12\" class=\"h-text h-text-component style-572 style-local-845-c12 position-relative h-element\">\n                  <!----><br \/>\n                  <!----><\/p>\n<div class=\"\">\n<h4>2. War Muhammad ein echter Prophet?<\/h4>\n<p>Muhammad <strong>\ufdfa<\/strong>, der Sohn Abdull\u00e2hs, ist All\u00e2hs Gesandter und der letzte Prophet, den All\u00e2h zu allen Bewohnern der Erde entsandt hat. Man muss wissen, dass er <strong style=\"color: rgb(70, 112, 127); font-family: &quot;Open Sans&quot;; font-size: 16px;\">\ufdfa&nbsp;<\/strong>wirklich<br \/>\n                      und wahrhaftig All\u00e2hs Gesandter ist. Zahlreiche Beweise belegen diese Tatsache. Nur ein Leugner kann diese Beweise auf Grund seiner Arroganz ignorieren.<\/p>\n<p>1. Muhammad <strong style=\"font-size: 16px; font-family: &quot;Open Sans&quot;; color: rgb(70, 112, 127);\">\ufdfa&nbsp;<\/strong>wuchs als Analphabet auf. Er konnte weder lesen noch schreiben und dies blieb so bis zu seinem Tod. Er war in<br \/>\n                      seinem Volk als der Vertrauensw\u00fcrdige und Wahrheitsliebende bekannt. Vor seiner Entsendung, bis zu seinem 40. Lebensjahr, hatte er keine Kenntnis von irgendeiner Religion oder fr\u00fcheren Botschaft. Dann bekam er&nbsp;<strong style=\"color: rgb(70, 112, 127); font-family: &quot;Open Sans&quot;; font-size: 16px;\">\ufdfa<\/strong>                      die ersten Offenbarungen, die uns heute als Qur\u00e2n vorliegen. Dieser Qur\u00e2n erw\u00e4hnt viele der Ereignisse, die in den fr\u00fcheren Schriften enthalten sind und zwar in solcher Genauigkeit, als h\u00e4tte Muhammad ihnen als Zeuge beigewohnt.<br \/>\n                      Sie sind genauso wiedergegeben, wie sie in der Thora, die Moses herab gesandt wurde, und im Evangelium, wie es Jesus herab gesandt wurde, enthalten waren. Trotzdem glaubten viele Juden und Christen nicht an das, was Muhammad<br \/>\n                      <strong\n                        style=\"font-size: 16px; font-family: &quot;Open Sans&quot;; color: rgb(70, 112, 127);\">\ufdfa&nbsp;<\/strong>sagte.<\/p>\n<p>2. Muhammad <strong style=\"color: rgb(70, 112, 127); font-family: &quot;Open Sans&quot;; font-size: 16px;\">\ufdfa&nbsp;<\/strong>sagte viele Ereignisse voraus, die ihm und seinen Gef\u00e4hrten und auch den Generationen nach ihnen widerfahren<br \/>\n                      sollten, sei dies in Bezug auf die Eroberung Makkas, die Beseitigung der tyrannischen Herrschaft des persischen K\u00f6nigsreichs und des byzantischen Kaisers oder auch der Ausbreitung des Isl\u00e2m auf der ganzen Welt. All diese Ereignisse<br \/>\n                      fanden genauso statt, wie Muhammad <strong style=\"font-size: 16px; font-family: &quot;Open Sans&quot;; color: rgb(70, 112, 127);\">\ufdfa&nbsp;<\/strong>sie vorausgesagt hatte, ganz so, als h\u00e4tte er die Zukunft unmittelbar vor seinen Augen<br \/>\n                      gehabt.<\/p>\n<p>3. Muhammad <strong style=\"color: rgb(70, 112, 127); font-family: &quot;Open Sans&quot;; font-size: 16px;\">\ufdfa&nbsp;<\/strong>\u00fcberbrachte einen arabischen Qur\u00e2n, der die Spitze an Eloquenz und Klarheit ist. Dieser Qur\u00e2n forderte die sprachgewandten,<br \/>\n                      den Qur\u00e2n als L\u00fcge bezeichnenden Araber heraus, nur eine einzige vergleichbare S\u00fbra zu verfassen. Sie waren nicht im Stande dazu. Tats\u00e4chlich hat es bis heute niemand vermocht etwas zu verfassen, das dem Edlen Qur\u00e2n in seiner Ordnung,<br \/>\n                      Anmut, Sch\u00f6nheit und Herrlichkeit auch nur nahe kommt.<\/p>\n<p>4. Das Leben dieses Propheten <strong style=\"color: rgb(70, 112, 127); font-family: &quot;Open Sans&quot;; font-size: 16px;\">\ufdfa&nbsp;<\/strong>ist das perfekte Vorbild f\u00fcr aufrichtigen, barmherzigen, aufopfernden, wahrhaftigen, mutigen,<br \/>\n                      gro\u00dfz\u00fcgigen Charakter, fernab jeder Untugend. Er legte keinen Wert auf den Reichtum des Diesseits sondern bem\u00fchte sich nur um die Belohnung im Jenseits. Au\u00dferdem war er in allen seinen&nbsp;Taten und Handlungen gottesf\u00fcrchtig und<br \/>\n                      All\u00e2hs stets eingedenk.<\/p>\n<p>5. All\u00e2h legte viel Liebe f\u00fcr Muhammad <strong style=\"font-size: 16px; font-family: &quot;Open Sans&quot;; color: rgb(70, 112, 127);\">\ufdfa&nbsp;<\/strong>in die Herzen derer, die an ihn glaubten. Diese Liebe ging soweit, dass alle Gl\u00e4ubigen<br \/>\n                      bereit waren, sich und ihre M\u00fctter oder V\u00e4ter f\u00fcr ihn zu opfern. Bis heute lieben und ehren die Gl\u00e4ubigen Muhammad <strong style=\"color: rgb(70, 112, 127); font-family: &quot;Open Sans&quot;; font-size: 16px;\">\ufdfa<\/strong>. Alle w\u00fcrden<br \/>\n                      sofort ihr Verm\u00f6gen und ihre Familien hergeben, um ihn auch nur f\u00fcr einen Augenblick zu sehen.<\/p>\n<p>6. In der gesamten Menschheitsgeschichte gibt es keine Biografie, die so gut erhalten ist wie die von Muhammad <strong style=\"color: rgb(70, 112, 127); font-family: &quot;Open Sans&quot;; font-size: 16px;\">\ufdfa<\/strong>, und keine Person,<br \/>\n                      die solch einen Einfluss auf die Menschheit hat. Zudem gab es nie jemanden, an den morgens, abends und zu jeder Zeit so oft gedacht und erinnert wird, wie an Muhammad <strong style=\"color: rgb(70, 112, 127); font-family: &quot;Open Sans&quot;; font-size: 16px;\">\ufdfa<\/strong>.<br \/>\n                      Wenn die Gl\u00e4ubigen dies tun, bitten sie All\u00e2h darum, Muhammad <strong style=\"color: rgb(70, 112, 127); font-family: &quot;Open Sans&quot;; font-size: 16px;\">\ufdfa&nbsp;<\/strong>zu ehren und ihm Wohlergehen zu schenken. Dies tun sie aus<br \/>\n                      vollem Herzen und aus Liebe zu ihm.<\/p>\n<p>7. Es gab auch niemals einen Mann, der in allem, was er tat, so befolgt wurde, wie dies bis heute die Gl\u00e4ubigen tun. Sie schlafen so wie er schlief, sie reinigen sich so wie er sich reinigte, sie essen, trinken und kleiden sich so<br \/>\n                      wie er es tat. In allen Lebenssituationen halten sich die Gl\u00e4ubigen an das Vorbild Muhammad <strong style=\"color: rgb(70, 112, 127); font-family: &quot;Open Sans&quot;; font-size: 16px;\">\ufdfa&nbsp;<\/strong>und den Weg, den er gegangen<br \/>\n                      ist. In jeder Generation von seiner Zeit&nbsp;an bis heute haben sich die Gl\u00e4ubigen an die Lehren dieses edlen Propheten gehalten. Manch einer m\u00f6chte seinem Vorbild sogar soweit folgen, dass er selbst in pers\u00f6nlichen Eigenheiten<br \/>\n                      mit dem Propheten&nbsp;<strong style=\"color: rgb(70, 112, 127); font-family: &quot;Open Sans&quot;; font-size: 16px;\">\ufdfa<\/strong> \u00fcbereinstimmt, obwohl All\u00e2h dies nicht gefordert hat. So essen manche nur genau das, was er&nbsp;<br \/>\n                      <strong\n                        style=\"color: rgb(70, 112, 127); font-family: &quot;Open Sans&quot;; font-size: 16px;\">\ufdfa<\/strong> gegessen hat, oder tragen nur genau die Art von Kleidung, die er mochte.<\/p>\n<p>Die Gl\u00e4ubigen wiederholen all die Gebete und Lobpreisungen All\u00e2hs, die auch Muhammad <strong style=\"color: rgb(70, 112, 127); font-family: &quot;Open Sans&quot;; font-size: 16px;\">\ufdfa&nbsp;<\/strong>in verschiedenen Situationen gesprochen<br \/>\n                      hat. Dazu geh\u00f6ren unter anderem die Bittgebete, die er&nbsp;<strong style=\"color: rgb(70, 112, 127); font-family: &quot;Open Sans&quot;; font-size: 16px;\">\ufdfa<\/strong> sagte, wenn er&nbsp;<strong style=\"color: rgb(70, 112, 127); font-family: &quot;Open Sans&quot;; font-size: 16px;\">\ufdfa<\/strong>                      Leute begr\u00fc\u00dfte, das Haus betrat und verlie\u00df, die Moschee betrat und verlie\u00df, das Bad betrat und verlie\u00df, Schlafen ging, aufwachte, den Neumond sichtete, das Fr\u00fchobst betrachtete, a\u00df, trank, sich kleidete, ein Transportmittel bestieg,<br \/>\n                      reiste, von der Reise zur\u00fcckkehrte, etc.<\/p>\n<p>Des Weiteren verrichten die Gl\u00e4ubigen alle Anbetungshandlungen, sei es das Gebet, das Fasten, das Spenden oder die Pilgerfahrt, wie es ihnen ihr Prophet <strong style=\"font-size: 16px; font-family: &quot;Open Sans&quot;; color: rgb(70, 112, 127);\">\ufdfa&nbsp;<\/strong>lehrte<br \/>\n                      und vormachte.<\/p>\n<p>All diese Angelegenheiten erm\u00f6glichen es den Gl\u00e4ubigen, ihr Leben in allen Details so zu leben, wie es&nbsp;auch der Gesandte All\u00e2hs&nbsp;<strong style=\"font-size: 16px; font-family: &quot;Open Sans&quot;; color: rgb(70, 112, 127);\">\ufdfa<\/strong>                      getan hat, als st\u00fcnde er vor ihnen, um als lebendiges Vorbild zu dienen.<\/p>\n<p>8. Niemals gab es einen Menschen, der eine derartige Liebe, vergleichbaren Respekt, eine derartige Ehrbezeugung und solch eine Gehorsamkeit in allen Dingen erfahren hat, wie der edle Prophet <strong style=\"font-size: 16px; font-family: &quot;Open Sans&quot;; color: rgb(70, 112, 127);\">\ufdfa<\/strong>,<br \/>\n                      und es wird auch nie wieder einen solchen Menschen geben.<\/p>\n<p>9. Schon zu seinen Lebzeiten, und erst recht danach, folgten ihm Leute aller Nationen, Hautfarben und V\u00f6lker. Viele davon waren zuvor Juden, Christen, Heiden, G\u00f6tzendiener oder ganz ohne Religion. Unter ihnen waren Menschen, die f\u00fcr<br \/>\n                      ihre logischen Urteile, ihre Weisheit, ihren Verstand und ihren Weitblick bekannt waren. Sie entschieden sich daf\u00fcr, dem Propheten <strong style=\"font-size: 16px; font-family: &quot;Open Sans&quot;; color: rgb(70, 112, 127);\">\ufdfa&nbsp;<\/strong>zu<br \/>\n                      folgen, nachdem sie seine Zeichen, seine Wahrhaftigkeit und seine Wunder gesehen hatten. Sie folgten ihm nicht aus Zwang oder weil ihre Vorfahren dies auch getan hatten. Ganz im Gegenteil entschlossen sich viele dazu, den Isl\u00e2m anzunehmen,<br \/>\n                      als die Muslime schwach waren und einige sogar, als diese schlimmer Unterdr\u00fcckung ausgesetzt waren. Sie entschlossen sich nicht dazu, um materielle Vorteile zu erlangen. Viele erlitten gro\u00dfen Schaden und mussten schlimme Schmerzen<br \/>\n                      und Unterdr\u00fcckung ertragen, weil sie sich f\u00fcr diesen Weg entschieden hatten. Trotzdem wandten sie&nbsp;sich nie mehr von dieser Religion ab. All das gen\u00fcgt jedem, der einen gesunden Verstand hat, um zu erkennen, dass Muhammad<br \/>\n                      <strong\n                        style=\"color: rgb(70, 112, 127); font-family: &quot;Open Sans&quot;; font-size: 16px;\">\ufdfa&nbsp;<\/strong>wirklich und wahrhaftig All\u00e2hs Gesandter ist und nicht einfach ein Mann, der dies behauptete und ohne Wissen \u00fcber All\u00e2h sprach.<\/p>\n<p>10. Muhammad&nbsp;<strong style=\"color: rgb(70, 112, 127); font-family: &quot;Open Sans&quot;; font-size: 16px;\">\ufdfa<\/strong> beschreibt All\u00e2h mit Seinen perfekten Eigenschaften und verdeutlicht uns somit, dass All\u00e2h \u00fcber jeden Mangel<br \/>\n                      erhaben ist. Weder ein Philosoph noch ein Weiser k\u00f6nnte von sich aus dasselbe tun, und es ist wirklich unvorstellbar, dass irgendein Mensch sich ein Wesen h\u00e4tte ausdenken k\u00f6nnen, das eben diese vollkommenen Eigenschaften und die<br \/>\n                      Gr\u00f6\u00dfe inne hat, die gesamte Sch\u00f6pfung und alles in diesem Universum zu unterwerfen, ob klein oder gro\u00df, und dabei vollkommen barmherzig ist. Es ist auch nicht vorstellbar, dass jemand sich ein derart perfektes Gesetz h\u00e4tte ausdenken<br \/>\n                      k\u00f6nnen, das auf einem solchen Ma\u00df an Gerechtigkeit, Gleichheit, Objektivit\u00e4t und Barmherzigkeit beruht, wie das Gesetz, das Muhammad <strong style=\"color: rgb(70, 112, 127); font-family: &quot;Open Sans&quot;; font-size: 16px;\">\ufdfa&nbsp;<\/strong>offenbart<br \/>\n                      wurde. Es bezieht sich auf alle Lebensbereiche, sei es das Handeln, die Heirat, die Scheidung, den Verleih, die Erbschaft, das Testament, das Verwahren von G\u00fctern oder jegliche Art von Vertr\u00e4gen, die n\u00f6tig sind, um das Leben und<br \/>\n                      die Zivilisation aufrecht zu erhalten.<\/p>\n<p>11. Es ist unm\u00f6glich, dass sich jemand die Weisheit, die Moral, das gute Benehmen und die Tugenden ausdenkt, die der Prophet <strong style=\"font-size: 16px; font-family: &quot;Open Sans&quot;; color: rgb(70, 112, 127);\">\ufdfa&nbsp;<\/strong>lehrte.<br \/>\n                      Er <strong style=\"font-size: 16px; font-family: &quot;Open Sans&quot;; color: rgb(70, 112, 127);\">\ufdfa&nbsp;<\/strong>war in jeder Hinsicht das beste Vorbild in Bezug auf gutes Verhalten, gegen\u00fcber Eltern, Familie, Verwandten, Freunden,<br \/>\n                      der gesamten Menschheit, den Tieren, Pflanzen und der gesamten Sch\u00f6pfung. Es ist f\u00fcr den Menschen schwer, dieses System komplett zu begreifen und unm\u00f6glich, etwas ann\u00e4hernd Vergleichbares hervorzubringen. All das zeigt eindeutig,<br \/>\n                      dass dieser Gesandte&nbsp;<strong style=\"font-size: 16px; font-family: &quot;Open Sans&quot;; color: rgb(70, 112, 127);\">\ufdfa<\/strong> sich diese Religion nicht ausgedacht hat, sondern von Dem erhalten hat, der den Himmel und die Erde<br \/>\n                      erschaffen und das gesamte Universum in dieser wunderbaren Vollkommenheit gebildet hat.<\/p>\n<p>12. So wie die g\u00f6ttliche Sch\u00f6pfung unnachahmbar ist, ist auch das g\u00f6ttliche Gesetz, das Muhammad <strong style=\"font-size: 16px; font-family: &quot;Open Sans&quot;; color: rgb(70, 112, 127);\">\ufdfa&nbsp;<\/strong>offenbart wurde, unnachahmbar.<br \/>\n                      Genauso wenig, wie ein Gesch\u00f6pf dieses Universum erschaffen kann, kann ein Gesch\u00f6pf ein Gesetz entwerfen, das dem Gesetz, das All\u00e2h Seinem Diener und Gesandten Muhammad <strong style=\"font-size: 16px; font-family: &quot;Open Sans&quot;; color: rgb(70, 112, 127);\">\ufdfa&nbsp;<\/strong>offenbart<br \/>\n                      hat, gleicht.<\/p>\n<\/p><\/div>\n<\/p><\/div>\n<\/p><\/div>\n<\/p><\/div>\n<\/p><\/div>\n<\/p><\/div>\n<\/p><\/div>\n<div data-colibri-id=\"845-c13\" class=\"h-row-container gutters-row-lg-2 gutters-row-md-2 gutters-row-0 gutters-row-v-lg-2 gutters-row-v-md-2 gutters-row-v-2 style-577 style-local-845-c13 position-relative\">\n        <!----><\/p>\n<div class=\"h-row justify-content-lg-center justify-content-md-center justify-content-center align-items-lg-stretch align-items-md-stretch align-items-stretch gutters-col-lg-2 gutters-col-md-2 gutters-col-0 gutters-col-v-lg-2 gutters-col-v-md-2 gutters-col-v-2\">\n          <!----><\/p>\n<div class=\"h-column h-column-container d-flex h-col-lg-auto h-col-md-auto h-col-auto style-578-outer style-local-845-c14-outer\">\n<div data-colibri-id=\"845-c14\" class=\"d-flex h-flex-basis h-column__inner h-ui-empty-state-container h-px-lg-2 h-px-md-2 h-px-2 v-inner-lg-2 v-inner-md-2 v-inner-2 style-578 style-local-845-c14 position-relative\">\n              <!----><br \/>\n              <!----><\/p>\n<div class=\"w-100 h-y-container h-column__content h-column__v-align flex-basis-100\">\n                <!---->\n              <\/div>\n<\/p><\/div>\n<\/p><\/div>\n<div class=\"h-column h-column-container d-flex h-col-lg-auto h-col-md-auto h-col-auto style-579-outer style-local-845-c15-outer\">\n<div data-colibri-id=\"845-c15\" class=\"d-flex h-flex-basis h-column__inner h-px-lg-2 h-px-md-2 h-px-2 v-inner-lg-2 v-inner-md-2 v-inner-2 style-579 style-local-845-c15 position-relative\">\n              <!----><br \/>\n              <!----><\/p>\n<div class=\"w-100 h-y-container h-column__content h-column__v-align flex-basis-100 align-self-lg-start align-self-md-start align-self-start\">\n                <!----><\/p>\n<div data-colibri-id=\"845-c16\" class=\"h-x-container style-585 style-local-845-c16 position-relative h-element\">\n                  <!----><\/p>\n<div class=\"h-x-container-inner style-dynamic-845-c16-group style-585-spacing style-local-845-c16-spacing\"><span class=\"h-button__outer style-586-outer style-local-845-c17-outer d-inline-flex h-element\"><a h-use-smooth-scroll=\"true\" href=\"https:\/\/norelislam.com\/index.php\/sira-1-de\/\"  data-colibri-id=\"845-c17\" class=\"d-flex w-100 align-items-center h-button justify-content-lg-center justify-content-md-center justify-content-center style-586 style-local-845-c17 position-relative\"><!----><!----> <span>Voriges Kapitel<\/span><\/a><br \/>\n                    <\/span>\n                  <\/div>\n<\/p><\/div>\n<\/p><\/div>\n<\/p><\/div>\n<\/p><\/div>\n<div class=\"h-column h-column-container d-flex h-col-lg-auto h-col-md-auto h-col-auto style-582-outer style-local-845-c18-outer\">\n<div data-colibri-id=\"845-c18\" class=\"d-flex h-flex-basis h-column__inner h-px-lg-2 h-px-md-2 h-px-2 v-inner-lg-2 v-inner-md-2 v-inner-2 style-582 style-local-845-c18 position-relative\">\n              <!----><br \/>\n              <!----><\/p>\n<div class=\"w-100 h-y-container h-column__content h-column__v-align flex-basis-100 align-self-lg-start align-self-md-start align-self-start\">\n                <!----><\/p>\n<div data-colibri-id=\"845-c19\" class=\"h-x-container style-587 style-local-845-c19 position-relative h-element\">\n                  <!----><\/p>\n<div class=\"h-x-container-inner style-dynamic-845-c19-group style-587-spacing style-local-845-c19-spacing\"><span class=\"h-button__outer style-588-outer style-local-845-c20-outer d-inline-flex h-element\"><a h-use-smooth-scroll=\"true\" href=\"https:\/\/norelislam.com\/index.php\/sira-3-de\/\"  data-colibri-id=\"845-c20\" class=\"d-flex w-100 align-items-center h-button justify-content-lg-center justify-content-md-center justify-content-center style-588 style-local-845-c20 position-relative\"><!----><!----> <span>N\u00e4chstes kapitel<\/span><\/a><br \/>\n                    <\/span>\n                  <\/div>\n<\/p><\/div>\n<\/p><\/div>\n<\/p><\/div>\n<\/p><\/div>\n<\/p><\/div>\n<\/p><\/div>\n<\/p><\/div>\n<\/p><\/div>\n<\/div>\n","protected":false},"excerpt":{"rendered":"<p>1. Vorwort 2. War Muhammad ein echter Prophet? 3. Die Namen des Propheten 2. War Muhammad ein echter Prophet? Muhammad \ufdfa, der Sohn Abdull\u00e2hs, ist All\u00e2hs Gesandter und der letzte Prophet, den All\u00e2h zu allen Bewohnern der Erde entsandt hat. Man muss wissen, dass er \ufdfa&nbsp;wirklich und wahrhaftig All\u00e2hs Gesandter ist. Zahlreiche Beweise belegen diese [&hellip;]<\/p>\n","protected":false},"author":1,"featured_media":0,"parent":0,"menu_order":0,"comment_status":"closed","ping_status":"closed","template":"page-templates\/full-width-page.php","meta":{"_regular_price":[],"currency_symbol":[],"footnotes":""},"class_list":["post-845","page","type-page","status-publish","hentry"],"post_slider_layout_featured_media_urls":{"thumbnail":"","post_slider_layout_landscape_large":"","post_slider_layout_portrait_large":"","post_slider_layout_square_large":"","post_slider_layout_landscape":"","post_slider_layout_portrait":"","post_slider_layout_square":"","full":""},"_links":{"self":[{"href":"https:\/\/norelislam.com\/index.php\/wp-json\/wp\/v2\/pages\/845","targetHints":{"allow":["GET"]}}],"collection":[{"href":"https:\/\/norelislam.com\/index.php\/wp-json\/wp\/v2\/pages"}],"about":[{"href":"https:\/\/norelislam.com\/index.php\/wp-json\/wp\/v2\/types\/page"}],"author":[{"embeddable":true,"href":"https:\/\/norelislam.com\/index.php\/wp-json\/wp\/v2\/users\/1"}],"replies":[{"embeddable":true,"href":"https:\/\/norelislam.com\/index.php\/wp-json\/wp\/v2\/comments?post=845"}],"version-history":[{"count":7,"href":"https:\/\/norelislam.com\/index.php\/wp-json\/wp\/v2\/pages\/845\/revisions"}],"predecessor-version":[{"id":894,"href":"https:\/\/norelislam.com\/index.php\/wp-json\/wp\/v2\/pages\/845\/revisions\/894"}],"wp:attachment":[{"href":"https:\/\/norelislam.com\/index.php\/wp-json\/wp\/v2\/media?parent=845"}],"curies":[{"name":"wp","href":"https:\/\/api.w.org\/{rel}","templated":true}]}}